 13
Let f(d) be the second derivative of -d**5/20 - 5*d**4/12 - 5*d**3/6 - d. Let x be f(-4). Suppose x = -h + 10. List the prime factors of h.
2, 3
Let w = -4 - -8. Let u(v) = 3 + 2*v - 4*v + 0*v + v**2. List the prime factors of u(w).
11
Let r = 6 + -6. Suppose -4*k + 11 + 1 = r. What are the prime factors of k?
3
Suppose 5*d - 2*d + 5*c = 101, d - 11 = 4*c. Let n = d + -17. What are the prime factors of n?
2, 5
Let c(t) be the third derivative of -t**4/24 - 7*t**3/6 - t**2. Let r be c(-10). Suppose u = -5*k + 19 + 16, -21 = -r*k - 5*u. List the prime factors of k.
7
Let t(v) = 4*v + 22. What are the prime factors of t(9)?
2, 29
What are the prime factors of ((-28)/5)/(20/(-150))?
2, 3, 7
Let w(z) = 10*z**3 + z**2 - 6*z + 4. Let p(i) = -3*i**3 + 2*i - 1. Let m(s) = 7*p(s) + 2*w(s). Let l be m(-1). What are the prime factors of 1 + l - 1 - -5?
7
Let v = -1 - -2. What are the prime factors of 3 - v - (1 - 2)?
3
Let b(i) = i**3 - 3*i**2 - i + 1. Let l be b(3). Let m be 0 + (l - -2) - 11. Let z = -6 - m. What are the prime factors of z?
5
Let h = 9 + -9. Suppose 5*f = -3*t + 13, -f + h*f - t + 1 = 0. List the prime factors of f.
5
Suppose -2*v - 3*p = 8, p - 12 = 4*p. Suppose 5*z = g - v*g - 27, z = -5*g - 15. What are the prime factors of 6*1/g*-2?
2, 3
Suppose 0 = 14*u - 16*u + 40. What are the prime factors of u?
2, 5
List the prime factors of 64 + -2 + 1 + -2.
61
Suppose -4*f - 15 = -43. Let l = 12 - f. Suppose 0 = l*q - 0*q - 45. List the prime factors of q.
3
What are the prime factors of ((-154)/21)/(2/(-12))?
2, 11
Suppose 3*s = -0*s - 9, 2*a = 4*s + 376. List the prime factors of a.
2, 7, 13
Suppose -8 = -9*z + 5*z. Suppose -98 = -4*l - z*q, q + 0*q = -l + 22. What are the prime factors of l?
3
Let v = -2 - -24. Let k be 378/v - (-8)/(-44). Suppose 4*s + u - k = 0, 2*s - 2*u = 3*u + 25. List the prime factors of s.
5
List the prime factors of (-2)/5 + (-606)/(-15).
2, 5
Suppose -5*b = -6*b + 2*j + 5, 0 = 5*b - 5*j - 25. Let f = b - 15. Let x = 19 + f. What are the prime factors of x?
3
Suppose -5*q + 4*a = -24, 1 = -q + a + 5. What are the prime factors of q?
2
Let w(o) be the first derivative of -o**4/4 - 8*o**3/3 - o**2 - o - 3. Let n be w(-8). List the prime factors of n/2 + (-1)/2.
7
Let x be (-4)/(1 - (2 + 1)). Suppose 5*f = -4*s + 75, -4*f + 2*s + 60 = -s. Suppose -x*v - 3*v + f = 0. List the prime factors of v.
3
Suppose 28 = 6*i - 32. Let m be 204/15 - (-2)/5. Let r = m - i. What are the prime factors of r?
2
Suppose 7 = -3*x + 16. Suppose 41 + 4 = x*o. List the prime factors of o.
3, 5
Let k(p) = -p**3 - 2*p - 1. Let x be k(-1). Suppose 0*a + 56 = x*a + 3*j, -a + 27 = j. List the prime factors of a.
5
Suppose 21 = -2*p + 61. Let c = p + -6. List the prime factors of c.
2, 7
Let m be 15/2*(-48)/(-9). Let t = -29 + m. What are the prime factors of t?
11
Let m = -6 - -11. Let z be 14 - (-2 - -3)/(-1). Suppose 10*b - m*b - 69 = -q, b - q - z = 0. List the prime factors of b.
2, 7
Suppose -6*u + u + 18 = 3*y, y + 2 = u. Suppose 30 = 5*j - u*j. List the prime factors of j.
3, 5
Suppose 4*x = -4*t + 720, -x + 508 = 2*x - 5*t. List the prime factors of x.
2, 11
Let v = 10 - 5. Suppose 2*u = 5*q - 21, 0*q = -q + v. Suppose 2*d = -u*d + 24. What are the prime factors of d?
2, 3
Suppose -5*i + 15 = -110. What are the prime factors of i?
5
Let f(s) = s**2 + 6*s - 1. Let m be (-123)/18 - (-1)/(-6). List the prime factors of f(m).
2, 3
Suppose c = 6*c. Suppose c = -5*x + 2*x + 30. What are the prime factors of x?
2, 5
Let b = -36 - -102. List the prime factors of b.
2, 3, 11
List the prime factors of -2 + (148/4 - -3).
2, 19
Let r = -29 + 116. List the prime factors of r.
3, 29
Let n = -188 + 273. What are the prime factors of n?
5, 17
Let a = 7 - 4. Suppose -a*j + 18 = -9. List the prime factors of j.
3
Let k be 6*-1 - (-1 + 1). Let o(i) be the second derivative of -i**4/12 - 7*i**3/6 + 3*i**2 + 2*i. List the prime factors of o(k).
2, 3
Let r(x) = -x**2 + x + 6. Let t be r(0). Suppose -3*l = -t, -f + 0*f = -l - 22. List the prime factors of f.
2, 3
Suppose -4*g - 3*g + 28 = 0. Suppose g*u - 3*u = 18. What are the prime factors of u?
2, 3
Suppose -j = -k - 17, -3*j + 47 = -8*k + 3*k. List the prime factors of j.
19
Suppose -3*a + 0 = -12. Suppose -6*w + 3*w = -5*h - 53, -a*w + 68 = -4*h. What are the prime factors of w?
2
Let p(h) be the first derivative of -1/3*h**3 - 4*h + 7/2*h**2 + 1. List the prime factors of p(5).
2, 3
Suppose 210 = 2*p + 46. List the prime factors of p.
2, 41
Let r be (0 + 8)*25/10. Suppose 2*l = -0*l + r. What are the prime factors of l?
2, 5
Let n(z) = -z**3 + 9*z**2 + 11*z - 6. Let m be n(10). Suppose m*v - 3*v = 38. List the prime factors of v.
2, 19
What are the prime factors of (-1179)/6*16/(-12)?
2, 131
Let t(a) = a + 6. Let y be t(-6). Suppose -f + h + 18 = 3*h, 5*f + h - 45 = y. What are the prime factors of f?
2
Let c = -23 - -33. What are the prime factors of -15*(c/6)/(-5)?
5
Let p = 25 + -18. List the prime factors of p.
7
List the prime factors of (0 + -10)/(9/(-18)).
2, 5
Let c(n) = -n + 1. Let u = -5 + 11. Let h(w) = 7*w + 3. Let l(a) = u*c(a) + h(a). What are the prime factors of l(0)?
3
Let p be ((-66)/(-15))/((-1)/(-5)). Suppose 2*v = 10 + 2. What are the prime factors of (-1 - (-9)/v)*p?
11
Let j(l) = -l**2 - 10*l + 3. Suppose -h + 5*m = 22, -4*m + 33 = 5*h - 8*h. What are the prime factors of j(h)?
2, 3
Suppose -5*m - 98 = 62. Let j be (2 - m/(-10))*-10. Suppose 3*h = 5*h - 3*v - j, -2*h = v - 12. List the prime factors of h.
2, 3
List the prime factors of (-4 + 10)*3/((-12)/(-50)).
3, 5
Let p be 3/(5/(150/(-9))). Let n = 26 + p. List the prime factors of n.
2
Let o be ((-4)/(-2) + 2)*2. Let q(i) = -i**3 + 7*i**2 + 8*i + 2. Let c be q(o). Suppose -3*l + 3 = -c*l + 4*m, 2*m = 0. List the prime factors of l.
3
What are the prime factors of 228 + (-18)/6 + 6?
3, 7, 11
Suppose 3*h + 8 = -0*c + 4*c, h + 6 = 3*c. Suppose h = -4*i - 2 + 22. Suppose 5*f - 45 = i*p, 0 = 5*f + 5*p + 11 - 46. What are the prime factors of f?
2
Suppose 2*n = 3*n - 2. Let a be 0 - 10/(n/(-1)). Suppose -2*y - 2*o - 3*o + a = 0, 3*y + 3*o - 21 = 0. What are the prime factors of y?
2, 5
Let d = 11 + -31. Let y be 1*10/(-4)*d. Suppose -i - y = -6*i. What are the prime factors of i?
2, 5
Let u(n) = n**2 + 2*n - 6. What are the prime factors of u(3)?
3
Suppose r + 91 = 3*d, 3*d = 4*r + 92 + 2. What are the prime factors of d?
2, 3, 5
Let w = 52 - 49. Let o(j) be the first derivative of 3*j**2/2 + 4*j + 1. What are the prime factors of o(w)?
13
Let d = -15 - -20. Suppose 0 = -d*x - 5*g + 155, -x - 2*x - 5*g + 87 = 0. What are the prime factors of x?
2, 17
Suppose 5*s = w + 384, w - 158 = -2*s - 3*w. What are the prime factors of s?
7, 11
Suppose -4*z + 12 = 0, -3*z = -u + 66 - 20. What are the prime factors of u?
5, 11
What are the prime factors of (-6)/10 - (-3 + 1715/(-25))?
71
Suppose 2*l - 2 = l, 4*l + 124 = 3*y. Suppose v + y = 5*v. What are the prime factors of v?
11
Suppose -3*w - 12 = 0, 4*w + 761 = 4*v + 161. What are the prime factors of v?
2, 73
Let p(b) be the third derivative of -b**4/24 + 3*b**3 - 3*b**2. List the prime factors of p(12).
2, 3
What are the prime factors of 1 - (4 - 8)*3?
13
List the prime factors of -2 + 2/1 + 96.
2, 3
Let z be (8/(-6))/((-2)/33). Let p = -1 + z. What are the prime factors of p?
3, 7
Suppose -h + 35 = 4*l - l, -l = -2*h - 14. List the prime factors of l.
2, 3
Suppose x + 8 = -5*i, -x - x - 3*i - 9 = 0. What are the prime factors of 2 - 0/(x/3)?
2
Let o(b) = -b. Let l be o(7). Let g = 10 + l. Suppose 0 = w - n - 10, 0 = -w - g*n - 3 - 7. What are the prime factors of w?
5
What are the prime factors of ((-16)/2)/2 + 53?
7
Let r be 2/2 + -1 + 40. Suppose -r + 15 = -5*z. List the prime factors of (60/z)/(1 - -1).
2, 3
Let s(a) = -a - 3. Let x = 5 + -10. Let q be s(x). Let v = 6 - q. What are the prime factors of v?
2
Let s = -7 + 22. List the prime factors of s.
3, 5
Let h(w) = -59*w - 7. List the prime factors of h(-2).
3, 37
Suppose i + 3*a - 6 = -2*a, -90 = -4*i + 2*a. Let m = i + -10. List the prime factors of m.
11
Let p(d) = d + 40. What are the prime factors of p(0)?
2, 5
Suppose 3*z - s = -7, 2*z - 5*s = -4 + 8. Let v be z/(-9) + (-2)/6. What are the prime factors of (-30)/(-12)